85864.
4
What is the highest common divisor of 2899 and 767?
13
Calculate the greatest common factor of 30192 and 120.
24
What is the highest common factor of 52809 and 2697?
87
What is the highest common divisor of 7610 and 50?
10
Calculate the greatest common divisor of 718 and 4.
2
Calculate the greatest common divisor of 57372 and 60.
12
Calculate the highest common factor of 146 and 550201.
73
Calculate the greatest common factor of 81543 and 231.
231
What is the greatest common divisor of 19827 and 14?
1
What is the greatest common divisor of 665 and 264271?
133
What is the highest common factor of 26345 and 836?
11
What is the highest common factor of 17190 and 70?
10
What is the greatest common factor of 966099 and 5271?
753
Calculate the greatest common divisor of 12465 and 63.
9
Calculate the highest common divisor of 276 and 115368.
276
Calculate the highest common factor of 1884 and 666.
6
What is the greatest common divisor of 5358 and 6909?
141
What is the greatest common factor of 2623 and 201849?
61
Calculate the highest common factor of 33512 and 26904.
472
What is the highest common factor of 3002 and 21698?
38
Calculate the greatest common factor of 836 and 2470.
38
Calculate the highest common divisor of 300 and 6195.
15
Calculate the highest common divisor of 9037040 and 5.
5
Calculate the highest common factor of 1470 and 1159389.
147
What is the greatest common divisor of 72 and 2488488?
24
Calculate the highest common factor of 1320 and 1660.
20
What is the highest common divisor of 6756 and 732?
12
Calculate the highest common divisor of 1155 and 291.
3
Calculate the highest common divisor of 396 and 8784.
36
What is the highest common divisor of 7825 and 208771?
313
What is the greatest common divisor of 6396 and 62894?
1066
Calculate the highest common divisor of 290 and 26230.
10
Calculate the highest common factor of 111 and 331.
1
What is the highest common factor of 20 and 20420?
20
What is the greatest common divisor of 25811 and 28733?
487
Calculate the greatest common divisor of 72 and 11799.
9
What is the greatest common divisor of 4709 and 850?
17
Calculate the greatest common factor of 1450 and 762845.
145
Calculate the highest common factor of 368799 and 4113.
1371
Calculate the greatest common factor of 5736602 and 614.
614
Calculate the greatest common divisor of 968 and 152.
8
What is the greatest common factor of 108 and 1192?
4
Calculate the greatest common factor of 46731 and 1443.
111
What is the greatest common factor of 385146 and 18?
18
Calculate the highest common factor of 22 and 214.
2
What is the greatest common factor of 1294618 and 17?
17
Calculate the greatest common divisor of 2544866 and 534.
178
Calculate the highest common factor of 84 and 452688.
12
Calculate the greatest common factor of 286 and 107822.
286
What is the greatest common factor of 400 and 6950?
50
Calculate the highest common divisor of 43740 and 4680.
180
What is the greatest common divisor of 374 and 159709?
11
Calculate the highest common divisor of 24 and 106536.
24
What is the highest common divisor of 32111 and 3743?
197
What is the highest common factor of 312678 and 522?
522
What is the greatest common divisor of 24783 and 2574?
33
What is the highest common divisor of 162 and 18558?
18
Calculate the greatest common divisor of 1250 and 54.
2
What is the highest common divisor of 148 and 77663?
37
Calculate the greatest common divisor of 171 and 222642.
171
Calculate the highest common divisor of 450 and 1706175.
225
Calculate the greatest common factor of 92 and 196995.
23
What is the highest common factor of 3242 and 3538643?
1621
What is the greatest common factor of 6039 and 49401?
99
Calculate the greatest common factor of 990083 and 37.
37
Calculate the highest common divisor of 273 and 3180723.
273
What is the highest common divisor of 172800 and 608?
32
Calculate the highest common factor of 4502 and 5872859.
2251
Calculate the greatest common factor of 29250 and 24000.
750
Calculate the highest common divisor of 260 and 232180.
260
What is the highest common divisor of 1015495 and 8840?
1105
Calculate the greatest common factor of 15 and 90040.
5
Calculate the highest common factor of 44 and 436876.
44
Calculate the greatest common divisor of 128297 and 923.
923
What is the highest common divisor of 29 and 674482?
29
Calculate the highest common divisor of 88 and 1731356.
44
What is the highest common divisor of 9792 and 69632?
1088
Calculate the greatest common factor of 82955 and 1175.
235
Calculate the greatest common factor of 176705 and 118.
59
What is the greatest common divisor of 130 and 1686178?
26
Calculate the highest common factor of 3 and 859.
1
Calculate the greatest common divisor of 2691 and 279.
9
Calculate the greatest common divisor of 2650 and 6784.
106
Calculate the highest common factor of 418 and 186637.
209
What is the greatest common divisor of 456 and 918536?
152
What is the greatest common factor of 12480 and 94080?
960
Calculate the greatest common divisor of 96 and 21872.
16
Calculate the greatest common factor of 150 and 517830.
30
Calculate the greatest common factor of 4200 and 89796.
84
Calculate the highest common divisor of 263341 and 91.
13
What is the highest common divisor of 8614 and 3658?
118
Calculate the greatest common factor of 41679 and 726.
33
Calculate the highest common divisor of 402 and 1986.
6
What is the highest common factor of 252 and 347298?
42
Calculate the greatest common factor of 497 and 343.
7
Calculate the greatest common divisor of 471 and 745279.
157
What is the greatest common divisor of 22675 and 632179?
907
What is the greatest common factor of 60534 and 249983?
1121
What is the greatest common divisor of 2059239 and 2717?
247
Calculate the highest common factor of 11388 and 312.
156
What is the highest common divisor of 148900 and 3000?
100
Calculate the greatest common divisor of 5017 and 3741.
29
What is the highest common factor of 33465 and 12513?
291
Calculate the greatest common factor of 58994 and 26.
26
Calculate the highest common factor of 554103 and 2475.
99
Calculate the greatest common factor of 308510 and 200.
10
Calculate the highest common factor of 215800 and 8840.
520
What is the highest common divisor of 625800 and 225?
75
What is the greatest common factor of 91 and 735371?
91
What is the greatest common divisor of 1028154 and 26175?
1047
What is the highest common factor of 567 and 23646?
21
What is the greatest common divisor of 27227 and 817?
19
What is the greatest common divisor of 336 and 99848?
56
Calculate the greatest common factor of 9898 and 392.
98
Calculate the greatest common factor of 1634 and 181030.
86
What is the highest common factor of 389155 and 195?
65
What is the greatest common factor of 493 and 20451?
17
Calculate the greatest common divisor of 13 and 229.
1
What is the highest common factor of 79974 and 783?
27
What is the highest common divisor of 40967 and 1731?
577
What is the greatest common factor of 708427 and 137?
137
What is the highest common divisor of 5968 and 316?
4
Calculate the greatest common factor of 690138 and 288.
18
What is the greatest common factor of 206 and 64?
2
Calculate the highest common divisor of 98762 and 30590.
874
Calculate the highest common divisor of 1701 and 874557.
243
What is the greatest common divisor of 50778 and 28119?
273
What is the greatest common divisor of 223185 and 30?
15
Calculate the highest common divisor of 18 and 25443.
9
Calculate the greatest common divisor of 374 and 5797.
187
What is the greatest common factor of 31977 and 33?
33
Calculate the greatest common factor of 4608 and 368.
16
What is the greatest common factor of 1088548 and 19?
19
What is the greatest common factor of 3440 and 2?
2
What is the greatest common divisor of 805 and 10599435?
805
Calculate the greatest common factor of 1685710 and 390.
130
What is the greatest common divisor of 62173 and 158?
79
Calculate the greatest common factor of 45458 and 238.
238
What is the highest common factor of 29263 and 13?
13
Calculate the greatest common factor of 175657 and 538.
269
Calculate the highest common factor of 562051 and 161.
161
Calculate the greatest common facto